 common divisor of 15422 and 6182?
22
Calculate the greatest common factor of 78084 and 204.
12
Calculate the highest common factor of 54 and 61290.
54
What is the highest common divisor of 20112 and 6?
6
What is the highest common factor of 4 and 117556?
4
Calculate the highest common divisor of 1376577 and 36.
9
Calculate the highest common divisor of 3360 and 58560.
480
What is the greatest common factor of 18778 and 7328?
458
Calculate the highest common factor of 16 and 452544.
16
What is the greatest common divisor of 7476 and 24?
12
Calculate the greatest common divisor of 976 and 44.
4
Calculate the highest common divisor of 1859733 and 54.
27
Calculate the greatest common factor of 27166 and 238.
34
What is the greatest common factor of 114 and 146262?
114
What is the highest common divisor of 1265425 and 25?
25
Calculate the highest common divisor of 39484 and 12.
4
What is the highest common divisor of 1092 and 1733628?
156
Calculate the greatest common divisor of 4074 and 388.
194
What is the greatest common factor of 91376 and 304?
16
What is the greatest common factor of 30 and 64725?
15
What is the highest common divisor of 1424 and 2704?
16
Calculate the highest common divisor of 600 and 97400.
200
What is the greatest common factor of 3705 and 1026?
57
Calculate the greatest common factor of 832 and 5744.
16
Calculate the highest common factor of 116739 and 306.
153
What is the greatest common divisor of 754 and 11368?
58
Calculate the greatest common divisor of 7755 and 4335.
15
What is the greatest common factor of 123156 and 27?
9
Calculate the highest common divisor of 77715 and 11.
11
What is the greatest common divisor of 93996 and 693?
63
Calculate the highest common divisor of 21720 and 480.
120
What is the highest common divisor of 8 and 987524?
4
Calculate the greatest common factor of 11147 and 8023.
71
Calculate the greatest common factor of 35308 and 2912.
364
What is the greatest common factor of 968 and 4136?
88
What is the highest common divisor of 4788 and 462?
42
What is the highest common factor of 10056 and 64?
8
What is the highest common factor of 12 and 626100?
12
Calculate the greatest common factor of 12894 and 399.
21
What is the highest common factor of 2076 and 2712?
12
Calculate the highest common divisor of 163333 and 4907.
701
What is the greatest common divisor of 11398 and 44758?
278
Calculate the highest common factor of 8600 and 1376.
344
Calculate the greatest common divisor of 582521 and 124.
31
What is the highest common divisor of 39 and 205179?
39
Calculate the greatest common factor of 912 and 507984.
912
Calculate the highest common divisor of 602 and 1116409.
301
Calculate the greatest common divisor of 124 and 52669.
31
What is the highest common divisor of 1311 and 45448?
437
Calculate the greatest common divisor of 25815 and 15195.
15
Calculate the greatest common factor of 22282 and 26.
26
What is the highest common divisor of 1975 and 87295?
395
What is the highest common factor of 38251 and 145?
29
What is the greatest common factor of 8456 and 1624?
56
Calculate the highest common factor of 3795 and 4605.
15
What is the highest common divisor of 123 and 820?
41
What is the highest common divisor of 292 and 412742?
146
Calculate the greatest common divisor of 180 and 269685.
45
What is the greatest common factor of 231 and 82929?
231
What is the highest common factor of 86308 and 20?
4
Calculate the greatest common factor of 1207700 and 104.
52
Calculate the greatest common divisor of 29647 and 299.
23
What is the highest common factor of 6 and 124734?
6
Calculate the highest common divisor of 117593 and 20881.
1099
What is the greatest common divisor of 15147 and 187?
187
What is the greatest common divisor of 996628 and 103?
103
What is the greatest common divisor of 88658 and 1746?
194
What is the highest common divisor of 12441 and 222981?
957
Calculate the highest common divisor of 18862258 and 514.
514
Calculate the highest common divisor of 690 and 83090.
10
Calculate the highest common factor of 553 and 174827.
79
What is the greatest common factor of 305 and 744505?
305
Calculate the highest common factor of 260 and 31505.
5
Calculate the highest common factor of 242512 and 3954.
1318
What is the highest common divisor of 3470 and 700?
10
Calculate the greatest common divisor of 3 and 28473.
3
Calculate the greatest common divisor of 448 and 4172.
28
What is the greatest common factor of 323996 and 856?
428
What is the highest common factor of 71037 and 243?
81
What is the greatest common divisor of 993810 and 5495?
785
What is the highest common factor of 13203 and 163?
163
What is the highest common factor of 15246 and 4114?
242
Calculate the greatest common divisor of 247 and 10777.
13
What is the highest common factor of 115682 and 35?
7
What is the greatest common factor of 705 and 1215?
15
Calculate the highest common factor of 340 and 296684.
68
What is the highest common factor of 110 and 20834?
22
What is the highest common factor of 17388 and 39984?
84
What is the highest common factor of 923225 and 25?
25
What is the highest common factor of 12356 and 16?
4
Calculate the greatest common factor of 152996 and 92.
92
What is the greatest common factor of 31070 and 234?
26
What is the greatest common factor of 1130301 and 243?
27
What is the highest common factor of 171 and 64539?
9
What is the highest common factor of 140 and 27155?
5
Calculate the greatest common divisor of 100 and 153616.
4
What is the greatest common divisor of 8820 and 3960?
180
Calculate the highest common factor of 22280 and 1200.
40
Calculate the highest common divisor of 384 and 479376.
48
What is the highest common divisor of 3958 and 278?
2
Calculate the greatest common factor of 4852419 and 858.
429
Calculate the greatest common divisor of 10 and 2052975.
5
What is the greatest common factor of 325600 and 352?
352
What is the highest common factor of 5369 and 819?
91
Calculate the greatest common factor of 32118 and 32724.
606
Calculate the greatest common divisor of 41325 and 5220.
435
What is the greatest common divisor of 255759 and 714?
21
Calculate the greatest common divisor of 1036 and 31857.
259
What is the greatest common factor of 177607 and 485?
97
Calculate the greatest common factor of 536 and 19576.
8
What is the highest common divisor of 1827 and 17487?
261
What is the highest common divisor of 14578 and 11618?
74
Calculate the greatest common divisor of 36 and 1518948.
36
Calculate the highest common divisor of 127620 and 30.
30
What is the greatest common factor of 70 and 1510?
10
Calculate the greatest common factor of 4074 and 132118.
14
Calculate the greatest common divisor of 12806 and 23590.
674
What is the greatest common factor of 163727 and 34?
17
What is the highest common factor of 216 and 86157?
27
Calculate the highest common factor of 9588 and 459.
51
What is the highest common divisor of 13 and 33619?
1
Calculate the greatest common factor of 434592 and 48.
48
Calculate the highest common divisor of 95157 and 97.
97
Calculate the greatest common factor of 35 and 6363.
7
What is the highest common factor of 3398085 and 5?
5
Calculate the highest common factor of 225 and 9783.
9
Calculate the highest common divisor of 5736 and 152721.
717
What is the greatest common divisor of 35 and 46585?
35
Calculate the highest common divisor of 6 and 5961.
3
What is the greatest common divisor of 1453548 and 4272?
1068
Calculate the greatest common divisor of 5 and 3840.
5
Calculate the highest common divisor of 115 and 2495.
5
Calculate the greatest common factor of 1212 and 73629.
303
Calculate the highest common divisor of 348352 and 448.
64
What is the highest common divisor of 54 and 269757?
27
What is the highest common factor of 5 and 2512?
1
Calculate the highest common factor of 9766 and 38.
38
What is the greatest common factor of 777 and 2877?
21
Calculate the highest common divisor of 20 and 35635.
5
Calculate the highest common factor of 271065 and 255.
255
Calculate the greatest common divisor of 71370 and 61.
61
What is the greatest common factor of 176 and 1952?
16
Calculate the greatest common factor of 976071 and 7295.
1459
What is the highest c